{"id":1463,"date":"2021-04-01T09:09:54","date_gmt":"2021-04-01T07:09:54","guid":{"rendered":"https:\/\/www.gaertnerei-moos.de\/wp\/?post_type=product&#038;p=1463"},"modified":"2025-05-28T23:08:01","modified_gmt":"2025-05-28T21:08:01","slug":"siderites-syriaca-griechischer-bergtee","status":"publish","type":"product","link":"https:\/\/www.gaertnerei-moos.de\/wp\/produkt\/siderites-syriaca-griechischer-bergtee\/","title":{"rendered":"Siderites syriaca &#8211; Griechischer Bergtee"},"content":{"rendered":"<p>Siderites syriaca \u2022 5,00\u20ac<\/p>\n<p>mehrj\u00e4hrig, winterhart<br \/>\nStandort: sonnig<br \/>\nBoden: trocken-frisch<br \/>\nH\u00f6he: 50cm<br \/>\nBl\u00fcte: Juni-Juli, gelbgr\u00fcn<br \/>\nVerwendung\/Hinweis: Tee- u. Medizinpflanze<\/p>\n<p>Aus den filzigen Bl\u00e4ttern und den Bl\u00fctenkerzen l\u00e4sst sich ein mild zimtartig schmeckender Tee zubereiten. Die Pflanze enth\u00e4lt einen antibiotisch wirkenden Stoff und wirkt bei Erk\u00e4ltungen entz\u00fcndungshemmend.<\/p>\n","protected":false},"excerpt":{"rendered":"<p>Siderites syriaca<br \/>\nTopfgr\u00f6\u00dfe 9cm\/0,5 L<\/p>\n","protected":false},"featured_media":1994,"comment_status":"closed","ping_status":"closed","template":"","meta":[],"product_brand":[],"product_cat":[151,178],"product_tag":[],"class_list":{"0":"post-1463","1":"product","2":"type-product","3":"status-publish","4":"has-post-thumbnail","6":"product_cat-siderites","7":"product_cat-s","9":"first","10":"outofstock","11":"taxable","12":"shipping-taxable","13":"product-type-simple"},"_links":{"self":[{"href":"https:\/\/www.gaertnerei-moos.de\/wp\/wp-json\/wp\/v2\/product\/1463","targetHints":{"allow":["GET"]}}],"collection":[{"href":"https:\/\/www.gaertnerei-moos.de\/wp\/wp-json\/wp\/v2\/product"}],"about":[{"href":"https:\/\/www.gaertnerei-moos.de\/wp\/wp-json\/wp\/v2\/types\/product"}],"replies":[{"embeddable":true,"href":"https:\/\/www.gaertnerei-moos.de\/wp\/wp-json\/wp\/v2\/comments?post=1463"}],"wp:featuredmedia":[{"embeddable":true,"href":"https:\/\/www.gaertnerei-moos.de\/wp\/wp-json\/wp\/v2\/media\/1994"}],"wp:attachment":[{"href":"https:\/\/www.gaertnerei-moos.de\/wp\/wp-json\/wp\/v2\/media?parent=1463"}],"wp:term":[{"taxonomy":"product_brand","embeddable":true,"href":"https:\/\/www.gaertnerei-moos.de\/wp\/wp-json\/wp\/v2\/product_brand?post=1463"},{"taxonomy":"product_cat","embeddable":true,"href":"https:\/\/www.gaertnerei-moos.de\/wp\/wp-json\/wp\/v2\/product_cat?post=1463"},{"taxonomy":"product_tag","embeddable":true,"href":"https:\/\/www.gaertnerei-moos.de\/wp\/wp-json\/wp\/v2\/product_tag?post=1463"}],"curies":[{"name":"wp","href":"https:\/\/api.w.org\/{rel}","templated":true}]}}

<p>Siderites syriaca • 5,00€</p>
<p>mehrjährig, winterhart<br />
Standort: sonnig<br />
Boden: trocken-frisch<br />
Höhe: 50cm<br />
Blüte: Juni-Juli, gelbgrün<br />
Verwendung/Hinweis: Tee- u. Medizinpflanze</p>
<p>Aus den filzigen Blättern und den Blütenkerzen lässt sich ein mild zimtartig schmeckender Tee zubereiten. Die Pflanze enthält einen antibiotisch wirkenden Stoff und wirkt bei Erkältungen entzündungshemmend.</p>

<p>Siderites syriaca<br />
Topfgröße 9cm/0,5 L</p>
