{"id":3475,"date":"2024-09-20T23:47:12","date_gmt":"2024-09-20T21:47:12","guid":{"rendered":"https:\/\/www.gaertnerei-moos.de\/wp\/?post_type=product&#038;p=3475"},"modified":"2026-03-12T23:37:57","modified_gmt":"2026-03-12T22:37:57","slug":"filipendula-ulmaria-sumpf-maedesuess-regio","status":"publish","type":"product","link":"https:\/\/www.gaertnerei-moos.de\/wp\/produkt\/filipendula-ulmaria-sumpf-maedesuess-regio\/","title":{"rendered":"Filipendula ulmaria (Regio) &#8211; Sumpf-M\u00e4des\u00fc\u00df (Regio)"},"content":{"rendered":"<p>Filipendula ulmaria (Regio) \u2022 4,00\u20ac<\/p>\n<p>mehrj\u00e4hrig, winterhart<br \/>\nStandort: sonnig-absonnig<br \/>\nBoden: feucht-nass<br \/>\nH\u00f6he: 100cm<br \/>\nBl\u00fcte: Juni-August, cremewei\u00df<br \/>\nVerwendung\/ Hinweis: Insekten-\/ Bienenweide<\/p>\n<p>Diese Pflanzen wurde von uns, im Rahmen des Projektes \u2018Tausende G\u00e4rten \u2013 Tausende Arten\u2019, aus Wildsaatgut der Region Nord vermehrt.<\/p>\n<p>www.tausende-gaerten.de  <\/p>\n","protected":false},"excerpt":{"rendered":"<p>Filipendula ulmaria (Regio)<br \/>\nTopfgr\u00f6\u00dfe 9 cm\/0,5 L<\/p>\n","protected":false},"featured_media":0,"comment_status":"closed","ping_status":"closed","template":"","meta":[],"product_brand":[],"product_cat":[166,361],"product_tag":[],"class_list":{"0":"post-3475","1":"product","2":"type-product","3":"status-publish","5":"product_cat-f","6":"product_cat-filipendula","8":"first","9":"instock","10":"taxable","11":"shipping-taxable","12":"product-type-simple"},"_links":{"self":[{"href":"https:\/\/www.gaertnerei-moos.de\/wp\/wp-json\/wp\/v2\/product\/3475","targetHints":{"allow":["GET"]}}],"collection":[{"href":"https:\/\/www.gaertnerei-moos.de\/wp\/wp-json\/wp\/v2\/product"}],"about":[{"href":"https:\/\/www.gaertnerei-moos.de\/wp\/wp-json\/wp\/v2\/types\/product"}],"replies":[{"embeddable":true,"href":"https:\/\/www.gaertnerei-moos.de\/wp\/wp-json\/wp\/v2\/comments?post=3475"}],"wp:attachment":[{"href":"https:\/\/www.gaertnerei-moos.de\/wp\/wp-json\/wp\/v2\/media?parent=3475"}],"wp:term":[{"taxonomy":"product_brand","embeddable":true,"href":"https:\/\/www.gaertnerei-moos.de\/wp\/wp-json\/wp\/v2\/product_brand?post=3475"},{"taxonomy":"product_cat","embeddable":true,"href":"https:\/\/www.gaertnerei-moos.de\/wp\/wp-json\/wp\/v2\/product_cat?post=3475"},{"taxonomy":"product_tag","embeddable":true,"href":"https:\/\/www.gaertnerei-moos.de\/wp\/wp-json\/wp\/v2\/product_tag?post=3475"}],"curies":[{"name":"wp","href":"https:\/\/api.w.org\/{rel}","templated":true}]}}

Filipendula ulmaria (Regio) &#8211; Sumpf-Mädesüß (Regio)

<p>Filipendula ulmaria (Regio) • 4,00€</p>
<p>mehrjährig, winterhart<br />
Standort: sonnig-absonnig<br />
Boden: feucht-nass<br />
Höhe: 100cm<br />
Blüte: Juni-August, cremeweiß<br />
Verwendung/ Hinweis: Insekten-/ Bienenweide</p>
<p>Diese Pflanzen wurde von uns, im Rahmen des Projektes ‘Tausende Gärten – Tausende Arten’, aus Wildsaatgut der Region Nord vermehrt.</p>
<p>www.tausende-gaerten.de  </p>

<p>Filipendula ulmaria (Regio)<br />
Topfgröße 9 cm/0,5 L</p>
