{"id":803,"date":"2021-04-03T09:03:23","date_gmt":"2021-04-03T07:03:23","guid":{"rendered":"https:\/\/www.gaertnerei-moos.de\/wp\/?post_type=product&#038;p=803"},"modified":"2025-05-29T11:35:13","modified_gmt":"2025-05-29T09:35:13","slug":"anchusa-officinalis-gemeine-ochsenzunge","status":"publish","type":"product","link":"https:\/\/www.gaertnerei-moos.de\/wp\/produkt\/anchusa-officinalis-gemeine-ochsenzunge\/","title":{"rendered":"Anchusa officinalis &#8211; Gemeine Ochsenzunge"},"content":{"rendered":"<p>Anchusa \u00a0 \u2022\u00a0\u00a0 3,50\u20ac<\/p>\n<p>zwei- bis mehrj\u00e4hrig, winterhart<br \/>\nStandort: sonnig<br \/>\nBoden: trocken-frisch<br \/>\nH\u00f6he: 70 cm<br \/>\nBl\u00fcte: Juni-September, blau<br \/>\nVerwendung\/Hinweis: Bienenweide<\/p>\n<p lang=\"en-GB\" align=\"LEFT\">Die Ochsenzunge ist eine tolle Bienenweide mit einer langen Bl\u00fctezeit. Die Bl\u00fcten sind zuerst rot und voll ge\u00f6ffnet tiefblau. Tolle Wildstaude f\u00fcr magere, lockere B\u00f6den. In Schleswig-Holstein gilt die Gemeine Ochsenzunge als gef\u00e4hrdete Art.<\/p>\n","protected":false},"excerpt":{"rendered":"<p>Anchusa officinalis<br \/>\nTopfgr\u00f6\u00dfe 9 cm\/0,5 L<\/p>\n","protected":false},"featured_media":1317,"comment_status":"closed","ping_status":"closed","template":"","meta":[],"product_brand":[],"product_cat":[52,161],"product_tag":[],"class_list":{"0":"post-803","1":"product","2":"type-product","3":"status-publish","4":"has-post-thumbnail","6":"product_cat-anchusa","7":"product_cat-a","9":"first","10":"outofstock","11":"taxable","12":"shipping-taxable","13":"product-type-simple"},"_links":{"self":[{"href":"https:\/\/www.gaertnerei-moos.de\/wp\/wp-json\/wp\/v2\/product\/803","targetHints":{"allow":["GET"]}}],"collection":[{"href":"https:\/\/www.gaertnerei-moos.de\/wp\/wp-json\/wp\/v2\/product"}],"about":[{"href":"https:\/\/www.gaertnerei-moos.de\/wp\/wp-json\/wp\/v2\/types\/product"}],"replies":[{"embeddable":true,"href":"https:\/\/www.gaertnerei-moos.de\/wp\/wp-json\/wp\/v2\/comments?post=803"}],"wp:featuredmedia":[{"embeddable":true,"href":"https:\/\/www.gaertnerei-moos.de\/wp\/wp-json\/wp\/v2\/media\/1317"}],"wp:attachment":[{"href":"https:\/\/www.gaertnerei-moos.de\/wp\/wp-json\/wp\/v2\/media?parent=803"}],"wp:term":[{"taxonomy":"product_brand","embeddable":true,"href":"https:\/\/www.gaertnerei-moos.de\/wp\/wp-json\/wp\/v2\/product_brand?post=803"},{"taxonomy":"product_cat","embeddable":true,"href":"https:\/\/www.gaertnerei-moos.de\/wp\/wp-json\/wp\/v2\/product_cat?post=803"},{"taxonomy":"product_tag","embeddable":true,"href":"https:\/\/www.gaertnerei-moos.de\/wp\/wp-json\/wp\/v2\/product_tag?post=803"}],"curies":[{"name":"wp","href":"https:\/\/api.w.org\/{rel}","templated":true}]}}

<p>Anchusa   •   3,50€</p>
<p>zwei- bis mehrjährig, winterhart<br />
Standort: sonnig<br />
Boden: trocken-frisch<br />
Höhe: 70 cm<br />
Blüte: Juni-September, blau<br />
Verwendung/Hinweis: Bienenweide</p>
<p lang="en-GB" align="LEFT">Die Ochsenzunge ist eine tolle Bienenweide mit einer langen Blütezeit. Die Blüten sind zuerst rot und voll geöffnet tiefblau. Tolle Wildstaude für magere, lockere Böden. In Schleswig-Holstein gilt die Gemeine Ochsenzunge als gefährdete Art.</p>

<p>Anchusa officinalis<br />
Topfgröße 9 cm/0,5 L</p>
